*r = -3*p + 1038, 3*r + 344 = 4*r + 2*p. Suppose -h = 3*h - 12. What is the units digit of h/(-4) - r/(-16)?
1
Let v(t) = 2*t. Let a be v(14). Suppose 3*f - 115 = -a. What is the tens digit of f?
2
Suppose -u + 33 = 4*d, 0 = -5*d + 3*u - 6*u + 43. Suppose 2*h = -5*t + 435, -t - 2*h - d = -87. What is the tens digit of t?
8
What is the tens digit of 3/(6/8) - 5 - -442?
4
Let s(y) = y**3 + 28*y**2 + 11*y + 53. What is the units digit of s(-27)?
5
Let h(d) = d**2 + d + 59. Let v be h(0). Suppose 5*q + 5*t = 20, -6 = 2*q - 4*t - t. Suppose -5*z + v = s, -q*s - 5*z = -70 - 23. What is the tens digit of s?
3
Suppose 0 = -2*i + 2*z - 62, -2*i - z = -5*z + 64. Let s = 51 + i. Let f = s + 1. What is the units digit of f?
2
Suppose -23*u + 28*u = 3*q - 5261, 4*u = 4*q - 7004. What is the hundreds digit of q?
7
Let i = -30 - -46. Suppose -3*b - 7 = k - 0*k, -5*k + 2*b = -i. What is the units digit of k?
2
Let y(s) = -11*s + 12. Let q be y(4). Let a = q + 149. What is the units digit of a?
7
Suppose 2255 = 6*l + 581. Let v = -127 + l. What is the tens digit of v?
5
Let l(o) be the first derivative of -17*o**2/2 - 6*o + 14. What is the units digit of l(-5)?
9
Let g(r) = r**2 + 5*r - 4. Let a be g(-6). Let p(y) = -3*y**2 - 10*y - 13*y**a - 2*y**2 - y**3 - 9*y. What is the tens digit of p(-17)?
3
Let j be 2/(-2)*(25 - 185). Suppose j = -4*q + 6*q. What is the tens digit of q?
8
Suppose 2*x + 158 - 142 = 0. Let b(q) = q + 7. Let c be b(-6). Let l = c - x. What is the units digit of l?
9
Suppose -j = -4*j + 42. What is the units digit of (198/(-5))/(j/(-35))?
9
Suppose 0 = -4*w + 6*w. Suppose w = 6*l - 153 - 21. What is the tens digit of l?
2
Let l(s) = -7*s - 2. Let o be l(-2). Suppose -4*t = -t - o. What is the units digit of t?
4
Let q = -130 - -171. Suppose -40*p = -q*p + 76. What is the units digit of p?
6
Let p be ((-138)/(-4))/(6/8). What is the tens digit of (0/(-3))/1 + p?
4
Suppose -26*q - 6217 = -28*q - t, 0 = 4*q + 3*t - 12435. What is the tens digit of q?
0
Let k be (32/(-20))/((-4)/10). Let i be 7 - 2*(-2)/k. Suppose 155 = -3*b + i*b. What is the units digit of b?
1
Let w(l) = -134*l + 6. What is the tens digit of w(-2)?
7
Let y(w) = w**2 + w + 1. Let z(t) = 18*t**2 + 10*t + 10. Let o(i) = -12*y(i) + z(i). Let d = 2 + 0. What is the tens digit of o(d)?
1
Suppose 0 = 2*b - 2571 - 1279. Suppose 0 = 6*n - 13*n + b. What is the units digit of n?
5
Let n be (3 + 0)*175/15. What is the units digit of 21/n - (-644)/10?
5
Let a = 26 - -35. Suppose -a = -11*n + 1633. What is the hundreds digit of n?
1
What is the units digit of (2/4)/((-139686)/19956 - -7)?
3
Let g(w) = 2*w - 6. Suppose 3*n - 15 = -0. Let x be g(n). Suppose 55 = 5*c + 5*y, -x*c - y - 43 = -9*c. What is the units digit of c?
9
Let k(q) = -2*q**2 + 2*q - 3. Let s be k(2). Let u(t) = t**2 + 16*t + 2. Let v be u(s). Let w = v - -104. What is the units digit of w?
3
Let i be 3/((-3)/(-9)*3). Suppose -2*l + c = -5, i*c + 15 = -0*c. Suppose 4*m + 3*x - 89 = l, 3*m + 2*x + 2 = 69. What is the units digit of m?
3
Let v(a) = a + 25. Let u = -7 - 13. What is the units digit of v(u)?
5
Suppose 0 = 3*o - 4*o - 5. Suppose -3*l - 2*l - 5 = 0. What is the units digit of l/1*35/o?
7
Let v(b) = 19*b - 19. What is the hundreds digit of v(9)?
1
Suppose -5*g = -25, -3*c + 5*g - 25 = c. Suppose 0 = -5*d - c*d - 120. What is the units digit of (16/d)/((-2)/18)?
6
Let x = -1291 + 1860. What is the tens digit of x?
6
Suppose 0 = 4*t - 2*t - 5*h - 33, 2*t + 7 = -3*h. What is the units digit of 1853/51 - t/(-6)?
7
Suppose -4*i = -4*u - 4824, 2*u + 22 = -4*i + 4816. What is the units digit of i?
1
Let y(w) = 553*w**2 - 8*w + 7. What is the units digit of y(1)?
2
Let b = 36 - -314. Suppose -70 + b = 5*y. What is the tens digit of y?
5
Let w be (-175)/14 - (-1)/(-2). What is the tens digit of (-366)/(-16) + w/(-104)?
2
Let m(c) = -c**2 - 4*c + 6. Let v(q) = -q**2 + 7*q - 10. Let j be v(8). Let w = j + 13. What is the units digit of m(w)?
1
Let i(h) be the first derivative of h**4/4 + 10*h**3/3 + 3*h**2 + 3*h - 17. What is the tens digit of i(-8)?
8
Suppose 0 = i + 2*x - 524, -310 = -3*i + 3*x + 1280. What is the hundreds digit of i?
5
Suppose -6*p = 2*h - 3*p - 783, -2*h - 5*p = -781. What is the hundreds digit of h?
3
Let i = -4 - -9. Suppose -b = i*z + 12 - 35, -4*b - 3*z = -24. Suppose b = 2*a - 11. What is the units digit of a?
7
Suppose -77 = -z - 6*g + 8*g, 3*z = 3*g + 234. What is the tens digit of z?
7
Let f(z) = -z - 29. Let k be f(-13). What is the units digit of 12/(((-18)/k)/3)?
2
Suppose -11 = -2*f + 5. Suppose -3*a + f = a. Suppose 3*r - a*p - 56 = 0, 0 = -0*r - 3*r - 2*p + 64. What is the units digit of r?
0
Suppose -125*n - 832 = -127*n. What is the hundreds digit of n?
4
Suppose -237 = -4*w - 8*k + 3*k, -4*k + 62 = w. What is the tens digit of w?
5
Suppose 1932 = 3*o - 3*i, 13*i - 1273 = -2*o + 10*i. What is the tens digit of o?
4
Suppose 2633 = 5*u - 2*u + 4*i, -3*u + 4*i + 2617 = 0. What is the units digit of u?
5
Let o(h) = 1 + 1 + 5*h - 8 - 3*h**2 + 4*h**2. Let j be o(7). Suppose 0 = -m - m + 4*f + j, 4*m + 2*f = 206. What is the units digit of m?
9
Let k be ((-32)/24)/((-2)/3). What is the tens digit of (-2 + k*-40)/(3 - 4)?
8
Let x be (-8)/12 - 4/(-6). Suppose x*d = 7*d - 630. What is the units digit of d?
0
Let l(s) = 3*s**2 + 67*s + 39. Let o be l(-28). What is the hundreds digit of (3 - o/(-15))*3?
1
Let g be (-10)/(-3) + 16/(-12). Suppose g = l - 1. What is the units digit of l?
3
What is the tens digit of (-19425)/(-18) + (-18)/108?
7
Suppose 3*q - 20 = 4. Suppose q*c - 21 = c. Let a = c - 1. What is the units digit of a?
2
Let p(k) be the second derivative of k**4/4 - 11*k**3/6 + 7*k**2 - 9*k. What is the tens digit of p(6)?
5
Suppose 2*i - 2 + 2 = 0. Let w(x) = -x + 108. What is the tens digit of w(i)?
0
Let a(s) = -2*s**2 + 2*s + 3. Let d = 7 - 3. Let o be a(d). What is the units digit of (o/14)/(6/(-16))?
4
Let x be (-7)/(-2)*16/28. Suppose -48 - 148 = -x*z. What is the tens digit of z?
9
Let f be 1 + 3 + (1 - 284). Let m = -187 - f. What is the units digit of m?
2
Let f(m) = 93*m - 3. Let i(o) = o. Let n(q) = f(q) + i(q). What is the units digit of n(1)?
1
Suppose -4*q + 365 = -n, -5*q + 10*n - 14*n = -430. What is the hundreds digit of (-4)/(-18) - (-12940)/q?
1
Suppose 167 = 3*j - 4*v, 0 = -0*j + 4*j - 2*v - 236. Suppose -2*s - 2*t + 41 = t, 3*s + 5*t - j = 0. What is the tens digit of s?
2
Let k = 5 + -10. What is the tens digit of k*(-7)/(35/51)?
5
Suppose 3*v + 29 = 41. Suppose 0*o - 64 = -v*o. What is the units digit of o?
6
Suppose -57 = 13*l - 10*l. Let u = l - -37. What is the units digit of u?
8
Let z(p) = -138*p + 18 + 75*p + 73*p. What is the tens digit of z(8)?
9
Let r be (-6 + (-28)/(-8))*12/(-5). Suppose 5*c - 4*v - 1484 = 0, 0 = -r*c + 4*c - v + 604. What is the hundreds digit of c?
3
Let m = -107 + 95. What is the units digit of 86 + ((m/3)/(-4) - 4)?
3
Let c = 48 + -50. Let p(a) = 20*a**2 - a - 2. What is the units digit of p(c)?
0
Let i be 7/(-2)*210/(-49). Suppose 0 = -2*p - 3*x + 87, 20*p - i*p = -5*x + 230. What is the units digit of p?
1
Suppose -11*q = -22459 + 646. What is the thousands digit of q?
1
Suppose 4*k - 4*o - 8 = 0, -k + 0 = -4*o - 2. Suppose 0 = -k*p + 8, -p = 5*j - 6*p - 210. What is the units digit of j?
6
Suppose 11 - 23 = -2*o. Let c(m) = m**3 - 5*m**2 - m + 1. What is the tens digit of c(o)?
3
Let n be -33 + (-3)/(1/(-1)). Let s be 153/((-2)/n*-3). What is the units digit of s/(-34)*(-12)/(-5)?
4
Suppose 2909 = 9*d - 340. What is the units digit of d?
1
Suppose -4*j - 13 = 5*r, r - j + 7 = -4*j. Let p(x) = 2*x**2 - 1. Let l be p(r). Suppose 2*q - 45 = -l. What is the tens digit of q?
2
Suppose -2*s - 5*v + 363 = -0*s, 0 = -3*s + 2*v + 497. What is the units digit of s?
9
Suppose -9*u - 7 + 7 = 0. Suppose 3*f = -2*v + 372, u*v - 917 = -5*v - f. What is the hundreds digit of v?
1
Suppose 4*h - 16 = 2*d, 4*h + 2*d - 3*d = 12. Let v(c) = -4*c - 7*c + 6 + h*c + c**2 + 6. What is the units digit of v(10)?
2
Let x(l) = -11*l**2 + 3. Let o be x(-3). What is the tens digit of (10/(-1))/(-5) + (1 - o)?
9
Suppose 4*g = -3*x + 29, -5*x - 2*g = -15 - 10. Suppose 7*m - c = 4*m + 110, -x*m + 113 = 2*c. What is the tens digit of m?
3
Let z(s) be the secon